{"id":22,"date":"2023-04-05T04:04:43","date_gmt":"2023-04-05T04:04:43","guid":{"rendered":"https:\/\/mentesacorposao.com.br\/site\/contact\/"},"modified":"2024-03-06T05:21:24","modified_gmt":"2024-03-06T05:21:24","slug":"contato","status":"publish","type":"page","link":"https:\/\/mentesacorposao.com.br\/site\/contato\/","title":{"rendered":"Contato"},"content":{"rendered":"\t\t<div data-elementor-type=\"wp-page\" data-elementor-id=\"22\" class=\"elementor elementor-22\" data-elementor-post-type=\"page\">\n\t\t\t\t<div class=\"elementor-element elementor-element-7704548 e-con-full e-flex e-con e-parent\" data-id=\"7704548\" data-element_type=\"container\">\n\t\t<div class=\"elementor-element elementor-element-db1fc70 e-con-full e-flex e-con e-child\" data-id=\"db1fc70\" data-element_type=\"container\">\n\t\t\t\t<div class=\"elementor-element elementor-element-5d6aedc elementor-widget elementor-widget-heading\" data-id=\"5d6aedc\" data-element_type=\"widget\" data-widget_type=\"heading.default\">\n\t\t\t\t<div class=\"elementor-widget-container\">\n\t\t\t\t\t<h2 class=\"elementor-heading-title elementor-size-default\">Entre em contato com a gente<\/h2>\t\t\t\t<\/div>\n\t\t\t\t<\/div>\n\t\t\t\t<div class=\"elementor-element elementor-element-2a72b82 elementor-widget elementor-widget-text-editor\" data-id=\"2a72b82\" data-element_type=\"widget\" data-widget_type=\"text-editor.default\">\n\t\t\t\t<div class=\"elementor-widget-container\">\n\t\t\t\t\t\t\t\t\t<p>N\u00f3s vamos adorar te ouvir e bater um papo. Use os meios de contato abaixo<\/p>\t\t\t\t\t\t\t\t<\/div>\n\t\t\t\t<\/div>\n\t\t\t\t<div class=\"elementor-element elementor-element-5fed332 elementor-widget elementor-widget-heading\" data-id=\"5fed332\" data-element_type=\"widget\" data-widget_type=\"heading.default\">\n\t\t\t\t<div class=\"elementor-widget-container\">\n\t\t\t\t\t<h4 class=\"elementor-heading-title elementor-size-default\">Use o nosso e-mail ou preencha o formul\u00e1rio. Voc\u00ea escolhe!<\/h4>\t\t\t\t<\/div>\n\t\t\t\t<\/div>\n\t\t\t\t<div class=\"elementor-element elementor-element-c578af6 elementor-icon-list--layout-traditional elementor-list-item-link-full_width elementor-widget elementor-widget-icon-list\" data-id=\"c578af6\" data-element_type=\"widget\" data-widget_type=\"icon-list.default\">\n\t\t\t\t<div class=\"elementor-widget-container\">\n\t\t\t\t\t\t\t<ul class=\"elementor-icon-list-items\">\n\t\t\t\t\t\t\t<li class=\"elementor-icon-list-item\">\n\t\t\t\t\t\t\t\t\t\t<span class=\"elementor-icon-list-text\">contato@mentesacorposao.com.br<\/span>\n\t\t\t\t\t\t\t\t\t<\/li>\n\t\t\t\t\t\t<\/ul>\n\t\t\t\t\t\t<\/div>\n\t\t\t\t<\/div>\n\t\t\t\t<div class=\"elementor-element elementor-element-95b9070 elementor-widget elementor-widget-wpforms\" data-id=\"95b9070\" data-element_type=\"widget\" data-widget_type=\"wpforms.default\">\n\t\t\t\t<div class=\"elementor-widget-container\">\n\t\t\t\t\t<div class=\"wpforms-container wpforms-container-full conato-mscs wpforms-render-modern\" id=\"wpforms-964\"><form id=\"wpforms-form-964\" class=\"wpforms-validate wpforms-form wpforms-ajax-form\" data-formid=\"964\" method=\"post\" enctype=\"multipart\/form-data\" action=\"\/site\/wp-json\/wp\/v2\/pages\/22\" data-token=\"8beb7ab569ad57595410192564e1ba4a\" data-token-time=\"1776951849\"><noscript class=\"wpforms-error-noscript\">Please enable JavaScript in your browser to complete this form.<\/noscript><div id=\"wpforms-error-noscript\" style=\"display: none;\">Please enable JavaScript in your browser to complete this form.<\/div><div class=\"wpforms-field-container\"><div id=\"wpforms-964-field_0-container\" class=\"wpforms-field wpforms-field-name\" data-field-id=\"0\"><label class=\"wpforms-field-label wpforms-label-hide\" for=\"wpforms-964-field_0\" aria-hidden=\"false\">Name <span class=\"wpforms-required-label\" aria-hidden=\"true\">*<\/span><\/label><input type=\"text\" id=\"wpforms-964-field_0\" class=\"wpforms-field-large wpforms-field-required\" name=\"wpforms[fields][0]\" placeholder=\"Nome\" aria-errormessage=\"wpforms-964-field_0-error\" required><\/div><div id=\"wpforms-964-field_1-container\" class=\"wpforms-field wpforms-field-email\" data-field-id=\"1\"><label class=\"wpforms-field-label wpforms-label-hide\" for=\"wpforms-964-field_1\" aria-hidden=\"false\">Email <span class=\"wpforms-required-label\" aria-hidden=\"true\">*<\/span><\/label><input type=\"email\" id=\"wpforms-964-field_1\" class=\"wpforms-field-large wpforms-field-required\" name=\"wpforms[fields][1]\" placeholder=\"E-mail\" spellcheck=\"false\" aria-errormessage=\"wpforms-964-field_1-error\" required><\/div><div id=\"wpforms-964-field_2-container\" class=\"wpforms-field wpforms-field-textarea\" data-field-id=\"2\"><label class=\"wpforms-field-label wpforms-label-hide\" for=\"wpforms-964-field_2\" aria-hidden=\"false\">Mensagem<\/label><textarea id=\"wpforms-964-field_2\" class=\"wpforms-field-medium\" name=\"wpforms[fields][2]\" placeholder=\"Mensagem\" aria-errormessage=\"wpforms-964-field_2-error\" ><\/textarea><\/div><\/div><!-- .wpforms-field-container --><div class=\"wpforms-submit-container\" ><input type=\"hidden\" name=\"wpforms[id]\" value=\"964\"><input type=\"hidden\" name=\"page_title\" value=\"\"><input type=\"hidden\" name=\"page_url\" value=\"https:\/\/mentesacorposao.com.br\/site\/wp-json\/wp\/v2\/pages\/22\"><input type=\"hidden\" name=\"url_referer\" value=\"\"><button type=\"submit\" name=\"wpforms[submit]\" id=\"wpforms-submit-964\" class=\"wpforms-submit\" data-alt-text=\"enviando...\" data-submit-text=\"Enviar\" aria-live=\"assertive\" value=\"wpforms-submit\">Enviar<\/button><img decoding=\"async\" src=\"https:\/\/mentesacorposao.com.br\/site\/wp-content\/plugins\/wpforms-lite\/assets\/images\/submit-spin.svg\" class=\"wpforms-submit-spinner\" style=\"display: none;\" width=\"26\" height=\"26\" alt=\"Loading\"><\/div><\/form><\/div>  <!-- .wpforms-container -->\t\t\t\t<\/div>\n\t\t\t\t<\/div>\n\t\t\t\t<\/div>\n\t\t<div class=\"elementor-element elementor-element-854d138 e-con-full e-flex e-con e-child\" data-id=\"854d138\" data-element_type=\"container\" data-settings=\"{&quot;background_background&quot;:&quot;classic&quot;}\">\n\t\t\t\t<div class=\"elementor-element elementor-element-6ea1dcf elementor-widget elementor-widget-spacer\" data-id=\"6ea1dcf\" data-element_type=\"widget\" data-widget_type=\"spacer.default\">\n\t\t\t\t<div class=\"elementor-widget-container\">\n\t\t\t\t\t\t\t<div class=\"elementor-spacer\">\n\t\t\t<div class=\"elementor-spacer-inner\"><\/div>\n\t\t<\/div>\n\t\t\t\t\t\t<\/div>\n\t\t\t\t<\/div>\n\t\t\t\t<\/div>\n\t\t\t\t<\/div>\n\t\t\t\t<\/div>\n\t\t","protected":false},"excerpt":{"rendered":"<p>Entre em contato com a gente N\u00f3s vamos adorar te ouvir e bater um papo. Use os meios de contato abaixo Use o nosso e-mail ou preencha o formul\u00e1rio. Voc\u00ea escolhe! contato@mentesacorposao.com.br Please enable JavaScript in your browser to complete this form.Please enable JavaScript in your browser to complete this form.Name *Email *Mensagem Enviar<\/p>\n","protected":false},"author":1,"featured_media":0,"parent":0,"menu_order":0,"comment_status":"closed","ping_status":"closed","template":"elementor_header_footer","meta":{"_monsterinsights_skip_tracking":false,"_monsterinsights_sitenote_active":false,"_monsterinsights_sitenote_note":"","_monsterinsights_sitenote_category":0,"footnotes":""},"class_list":["post-22","page","type-page","status-publish","hentry"],"yoast_head":"<!-- This site is optimized with the Yoast SEO plugin v27.2 - https:\/\/yoast.com\/product\/yoast-seo-wordpress\/ -->\n<title>Contato - mente s\u00e3, corpo s\u00e3o<\/title>\n<meta name=\"robots\" content=\"index, follow, max-snippet:-1, max-image-preview:large, max-video-preview:-1\" \/>\n<link rel=\"canonical\" href=\"https:\/\/mentesacorposao.com.br\/site\/contato\/\" \/>\n<meta property=\"og:locale\" content=\"pt_PT\" \/>\n<meta property=\"og:type\" content=\"article\" \/>\n<meta property=\"og:title\" content=\"Contato - mente s\u00e3, corpo s\u00e3o\" \/>\n<meta property=\"og:description\" content=\"Entre em contato com a gente N\u00f3s vamos adorar te ouvir e bater um papo. Use os meios de contato abaixo Use o nosso e-mail ou preencha o formul\u00e1rio. Voc\u00ea escolhe! contato@mentesacorposao.com.br Please enable JavaScript in your browser to complete this form.Please enable JavaScript in your browser to complete this form.Name *Email *Mensagem Enviar\" \/>\n<meta property=\"og:url\" content=\"https:\/\/mentesacorposao.com.br\/site\/contato\/\" \/>\n<meta property=\"og:site_name\" content=\"mente s\u00e3, corpo s\u00e3o\" \/>\n<meta property=\"article:modified_time\" content=\"2024-03-06T05:21:24+00:00\" \/>\n<meta property=\"og:image\" content=\"https:\/\/mentesacorposao.com.br\/site\/wp-content\/plugins\/wpforms-lite\/assets\/images\/submit-spin.svg\" \/>\n<meta name=\"twitter:card\" content=\"summary_large_image\" \/>\n<meta name=\"twitter:label1\" content=\"Tempo estimado de leitura\" \/>\n\t<meta name=\"twitter:data1\" content=\"1 minuto\" \/>\n<script type=\"application\/ld+json\" class=\"yoast-schema-graph\">{\"@context\":\"https:\/\/schema.org\",\"@graph\":[{\"@type\":\"WebPage\",\"@id\":\"https:\/\/mentesacorposao.com.br\/site\/contato\/\",\"url\":\"https:\/\/mentesacorposao.com.br\/site\/contato\/\",\"name\":\"Contato - mente s\u00e3, corpo s\u00e3o\",\"isPartOf\":{\"@id\":\"https:\/\/mentesacorposao.com.br\/site\/#website\"},\"primaryImageOfPage\":{\"@id\":\"https:\/\/mentesacorposao.com.br\/site\/contato\/#primaryimage\"},\"image\":{\"@id\":\"https:\/\/mentesacorposao.com.br\/site\/contato\/#primaryimage\"},\"thumbnailUrl\":\"https:\/\/mentesacorposao.com.br\/site\/wp-content\/plugins\/wpforms-lite\/assets\/images\/submit-spin.svg\",\"datePublished\":\"2023-04-05T04:04:43+00:00\",\"dateModified\":\"2024-03-06T05:21:24+00:00\",\"inLanguage\":\"pt-PT\",\"potentialAction\":[{\"@type\":\"ReadAction\",\"target\":[\"https:\/\/mentesacorposao.com.br\/site\/contato\/\"]}]},{\"@type\":\"ImageObject\",\"inLanguage\":\"pt-PT\",\"@id\":\"https:\/\/mentesacorposao.com.br\/site\/contato\/#primaryimage\",\"url\":\"https:\/\/mentesacorposao.com.br\/site\/wp-content\/plugins\/wpforms-lite\/assets\/images\/submit-spin.svg\",\"contentUrl\":\"https:\/\/mentesacorposao.com.br\/site\/wp-content\/plugins\/wpforms-lite\/assets\/images\/submit-spin.svg\"},{\"@type\":\"WebSite\",\"@id\":\"https:\/\/mentesacorposao.com.br\/site\/#website\",\"url\":\"https:\/\/mentesacorposao.com.br\/site\/\",\"name\":\"mente s\u00e3, corpo s\u00e3o\",\"description\":\"Mente e corpo em equil\u00edbrio\",\"publisher\":{\"@id\":\"https:\/\/mentesacorposao.com.br\/site\/#organization\"},\"potentialAction\":[{\"@type\":\"SearchAction\",\"target\":{\"@type\":\"EntryPoint\",\"urlTemplate\":\"https:\/\/mentesacorposao.com.br\/site\/?s={search_term_string}\"},\"query-input\":{\"@type\":\"PropertyValueSpecification\",\"valueRequired\":true,\"valueName\":\"search_term_string\"}}],\"inLanguage\":\"pt-PT\"},{\"@type\":\"Organization\",\"@id\":\"https:\/\/mentesacorposao.com.br\/site\/#organization\",\"name\":\"mente s\u00e3, corpo s\u00e3o\",\"url\":\"https:\/\/mentesacorposao.com.br\/site\/\",\"logo\":{\"@type\":\"ImageObject\",\"inLanguage\":\"pt-PT\",\"@id\":\"https:\/\/mentesacorposao.com.br\/site\/#\/schema\/logo\/image\/\",\"url\":\"https:\/\/mentesacorposao.com.br\/site\/wp-content\/uploads\/2023\/04\/logo-mscs-black.svg\",\"contentUrl\":\"https:\/\/mentesacorposao.com.br\/site\/wp-content\/uploads\/2023\/04\/logo-mscs-black.svg\",\"width\":198,\"height\":55,\"caption\":\"mente s\u00e3, corpo s\u00e3o\"},\"image\":{\"@id\":\"https:\/\/mentesacorposao.com.br\/site\/#\/schema\/logo\/image\/\"}}]}<\/script>\n<!-- \/ Yoast SEO plugin. -->","yoast_head_json":{"title":"Contato - mente s\u00e3, corpo s\u00e3o","robots":{"index":"index","follow":"follow","max-snippet":"max-snippet:-1","max-image-preview":"max-image-preview:large","max-video-preview":"max-video-preview:-1"},"canonical":"https:\/\/mentesacorposao.com.br\/site\/contato\/","og_locale":"pt_PT","og_type":"article","og_title":"Contato - mente s\u00e3, corpo s\u00e3o","og_description":"Entre em contato com a gente N\u00f3s vamos adorar te ouvir e bater um papo. Use os meios de contato abaixo Use o nosso e-mail ou preencha o formul\u00e1rio. Voc\u00ea escolhe! contato@mentesacorposao.com.br Please enable JavaScript in your browser to complete this form.Please enable JavaScript in your browser to complete this form.Name *Email *Mensagem Enviar","og_url":"https:\/\/mentesacorposao.com.br\/site\/contato\/","og_site_name":"mente s\u00e3, corpo s\u00e3o","article_modified_time":"2024-03-06T05:21:24+00:00","og_image":[{"url":"https:\/\/mentesacorposao.com.br\/site\/wp-content\/plugins\/wpforms-lite\/assets\/images\/submit-spin.svg","type":"","width":"","height":""}],"twitter_card":"summary_large_image","twitter_misc":{"Tempo estimado de leitura":"1 minuto"},"schema":{"@context":"https:\/\/schema.org","@graph":[{"@type":"WebPage","@id":"https:\/\/mentesacorposao.com.br\/site\/contato\/","url":"https:\/\/mentesacorposao.com.br\/site\/contato\/","name":"Contato - mente s\u00e3, corpo s\u00e3o","isPartOf":{"@id":"https:\/\/mentesacorposao.com.br\/site\/#website"},"primaryImageOfPage":{"@id":"https:\/\/mentesacorposao.com.br\/site\/contato\/#primaryimage"},"image":{"@id":"https:\/\/mentesacorposao.com.br\/site\/contato\/#primaryimage"},"thumbnailUrl":"https:\/\/mentesacorposao.com.br\/site\/wp-content\/plugins\/wpforms-lite\/assets\/images\/submit-spin.svg","datePublished":"2023-04-05T04:04:43+00:00","dateModified":"2024-03-06T05:21:24+00:00","inLanguage":"pt-PT","potentialAction":[{"@type":"ReadAction","target":["https:\/\/mentesacorposao.com.br\/site\/contato\/"]}]},{"@type":"ImageObject","inLanguage":"pt-PT","@id":"https:\/\/mentesacorposao.com.br\/site\/contato\/#primaryimage","url":"https:\/\/mentesacorposao.com.br\/site\/wp-content\/plugins\/wpforms-lite\/assets\/images\/submit-spin.svg","contentUrl":"https:\/\/mentesacorposao.com.br\/site\/wp-content\/plugins\/wpforms-lite\/assets\/images\/submit-spin.svg"},{"@type":"WebSite","@id":"https:\/\/mentesacorposao.com.br\/site\/#website","url":"https:\/\/mentesacorposao.com.br\/site\/","name":"mente s\u00e3, corpo s\u00e3o","description":"Mente e corpo em equil\u00edbrio","publisher":{"@id":"https:\/\/mentesacorposao.com.br\/site\/#organization"},"potentialAction":[{"@type":"SearchAction","target":{"@type":"EntryPoint","urlTemplate":"https:\/\/mentesacorposao.com.br\/site\/?s={search_term_string}"},"query-input":{"@type":"PropertyValueSpecification","valueRequired":true,"valueName":"search_term_string"}}],"inLanguage":"pt-PT"},{"@type":"Organization","@id":"https:\/\/mentesacorposao.com.br\/site\/#organization","name":"mente s\u00e3, corpo s\u00e3o","url":"https:\/\/mentesacorposao.com.br\/site\/","logo":{"@type":"ImageObject","inLanguage":"pt-PT","@id":"https:\/\/mentesacorposao.com.br\/site\/#\/schema\/logo\/image\/","url":"https:\/\/mentesacorposao.com.br\/site\/wp-content\/uploads\/2023\/04\/logo-mscs-black.svg","contentUrl":"https:\/\/mentesacorposao.com.br\/site\/wp-content\/uploads\/2023\/04\/logo-mscs-black.svg","width":198,"height":55,"caption":"mente s\u00e3, corpo s\u00e3o"},"image":{"@id":"https:\/\/mentesacorposao.com.br\/site\/#\/schema\/logo\/image\/"}}]}},"rttpg_featured_image_url":null,"rttpg_author":{"display_name":"Daniel","author_link":"https:\/\/mentesacorposao.com.br\/site\/author\/admin\/"},"rttpg_comment":0,"rttpg_category":null,"rttpg_excerpt":"Entre em contato com a gente N\u00f3s vamos adorar te ouvir e bater um papo. Use os meios de contato abaixo Use o nosso e-mail ou preencha o formul\u00e1rio. Voc\u00ea escolhe! contato@mentesacorposao.com.br Please enable JavaScript in your browser to complete this form.Please enable JavaScript in your browser to complete this form.Name *Email *Mensagem Enviar","_links":{"self":[{"href":"https:\/\/mentesacorposao.com.br\/site\/wp-json\/wp\/v2\/pages\/22","targetHints":{"allow":["GET"]}}],"collection":[{"href":"https:\/\/mentesacorposao.com.br\/site\/wp-json\/wp\/v2\/pages"}],"about":[{"href":"https:\/\/mentesacorposao.com.br\/site\/wp-json\/wp\/v2\/types\/page"}],"author":[{"embeddable":true,"href":"https:\/\/mentesacorposao.com.br\/site\/wp-json\/wp\/v2\/users\/1"}],"replies":[{"embeddable":true,"href":"https:\/\/mentesacorposao.com.br\/site\/wp-json\/wp\/v2\/comments?post=22"}],"version-history":[{"count":3,"href":"https:\/\/mentesacorposao.com.br\/site\/wp-json\/wp\/v2\/pages\/22\/revisions"}],"predecessor-version":[{"id":2251,"href":"https:\/\/mentesacorposao.com.br\/site\/wp-json\/wp\/v2\/pages\/22\/revisions\/2251"}],"wp:attachment":[{"href":"https:\/\/mentesacorposao.com.br\/site\/wp-json\/wp\/v2\/media?parent=22"}],"curies":[{"name":"wp","href":"https:\/\/api.w.org\/{rel}","templated":true}]}}